is divided by o.
3
Suppose -4*z + 2*b + 208 = 0, b - 150 = -3*z + 4*b. What is the remainder when 20 is divided by (-2)/(-9) - (-366)/z?
6
Let k(x) = x**2 + 6*x + 3. What is the remainder when 5 - (4/2 + -2) is divided by k(-6)?
2
Suppose 3*h - 95 + 23 = 0. What is the remainder when 91 is divided by h?
19
Let w(a) = -25*a - 1. What is the remainder when w(-2) is divided by 27?
22
Suppose 2*z - 98 = -0*z. Let q = -11 - -9. What is the remainder when z is divided by (15 - -3) + q/2?
15
Suppose 2*p = 6, -3*c - 67 = -8*c + p. Suppose -2 = -4*h + c. Suppose h*i + 5*v + 37 = 5*i, -5*v = 3*i - 31. What is the remainder when i is divided by 9?
8
Let i = 68 - 56. Calculate the remainder when i is divided by 7.
5
Let t = 2 + 1. Let w = 2 + t. What is the remainder when (1 + 5/(-3))*-21 is divided by w?
4
Let v(g) = g**2 - 8*g - 14. Let u be v(10). Let b be (3*-2)/(-3)*-6. Calculate the remainder when 19 is divided by (10/u)/((-2)/b).
9
Let l = 13 - 8. Let w(s) = -3*s + 24. What is the remainder when l is divided by w(7)?
2
Suppose -28 + 247 = 3*n. What is the remainder when n is divided by 25?
23
Let a = 2 - -8. Let o(s) = s**3 + s**2 - 2*s + 7. What is the remainder when o(3) is divided by a?
7
Suppose -58 = -5*x - 3*k, 0 = -k + 4 - 3. Calculate the remainder when 42 is divided by x.
9
Let a = -24 - -17. Let g be (-6)/21 - 23/a. Suppose -g*z + 2 - 1 = -2*i, 2*z + 4*i = 6. What is the remainder when 2 is divided by z?
0
Suppose -3*c = 2*i - 35, 0 = 2*i - 2*c + 24 - 74. Suppose -4*j = -5*j + 6. Let w = j - -6. Calculate the remainder when i is divided by w.
10
Let z(f) = -3*f**3 - 2*f**2 + f + 4. Let q = 33 + -11. What is the remainder when z(-3) is divided by q?
20
Let f = 19 - -12. Calculate the remainder when f is divided by 18.
13
Let d be 30/6 + (-2)/1. Suppose -7*g + 72 = -d*g. Calculate the remainder when 52 is divided by g.
16
Suppose -5*x = -3*r + 43, 2*r + 0*r + 3*x - 35 = 0. Calculate the remainder when (2/(-6))/((-1)/93) is divided by r.
15
Let b be -1 + (2 - 2 - 3). Let k(i) = i**3 + 6*i**2 + 3*i - 5. What is the remainder when 59 is divided by k(b)?
14
Let w(i) = -i**2 + 5*i - 2. Let o be w(6). Let d(p) = -p**2 + 5*p - 3. Calculate the remainder when (o/(-56))/(1/7) is divided by d(4).
0
Let b = 83 + -29. What is the remainder when b is divided by 28?
26
Let o = 42 - 26. Let b(j) = j**2 - 2. Let f be b(2). Suppose 0 = -f*c + 2*z + 102, 2*c - z - 110 = 3*z. What is the remainder when c is divided by o?
15
Suppose -7 - 18 = -5*u. Suppose -t + 310 = 5*h, -u*h + t = -2*h - 186. Calculate the remainder when h is divided by (2 - 0)*42/4.
20
Let n = 14 + -8. Suppose -n*s = -2*s + 4*i - 16, 60 = 5*s - 5*i. What is the remainder when s is divided by 5?
3
Let c = 1 - -1. Calculate the remainder when 10 is divided by c*1 - (-6 - -4).
2
Suppose -4*f + 63 + 1 = 0. What is the remainder when 63 is divided by f?
15
Let f = -126 + 233. What is the remainder when f is divided by 18?
17
Let p(q) = -q**3 - 5*q**2 - 7*q - 6. Let v = 468 + -195. Calculate the remainder when (-1)/(-4) - v/(-12) is divided by p(-4).
5
Let i be -2 + 1*258/3. Suppose 0 = -4*w + 8*w - i. Suppose -w = -2*g - 1. What is the remainder when 19 is divided by g?
9
Suppose 4*w - 25 = -9. What is the remainder when w is divided by 2?
0
Let p(g) = 2*g - 2. Suppose -6 - 12 = -3*n. Calculate the remainder when n - ((-5)/(-1) - 2) is divided by p(2).
1
Suppose 14 = -s - 3*x, -2*s - x + 8 = -4*x. Let i be s - (0 - 1)*-11. Let a = 27 + i. Calculate the remainder when 26 is divided by a.
12
Suppose -5*p = -4*p + 1. Calculate the remainder when 0/2 + (-22)/p is divided by 12.
10
Let r(b) be the third derivative of -b**6/120 + 3*b**5/20 - b**4/3 + 2*b**3/3 + 2*b**2. Let u = -19 + 41. Calculate the remainder when r(6) is divided by u.
20
Suppose 5*k - 51 = 3*y, -5*k + 3 + 32 = 5*y. Suppose 3*b - k = 42. What is the remainder when b is divided by 9?
8
Let w(x) = x**3 - x**2 - 4*x + 3. Let c be w(2). Let r = 3 + c. Calculate the remainder when 1/(-3) + 32/6 is divided by r.
1
Let f(o) = o**2 + 2*o + 1. Let h be 2/9 + (-43)/(-9). Suppose 0 = 3*n + 4*j + 11, 3*j - h*j - 13 = 3*n. What is the remainder when 30 is divided by f(n)?
14
Let t(g) = g**3 - 3*g**2 - 6*g - 1. Let j = -9 + 14. Let p(q) = q + 3. Calculate the remainder when t(j) is divided by p(4).
5
Let q(v) = -v - 7. Let i be q(-13). Let s(w) = -w**2 + 5*w + 5 + 1 + w. What is the remainder when 10 is divided by s(i)?
4
Let n = 299 - -337. What is the remainder when (-2 + 1)*n/(-12) is divided by 14?
11
Suppose c + 8 - 49 = 0. Let h = -15 - -29. What is the remainder when c is divided by h?
13
Let q = 3 + 1. Suppose q*o - 11 = 17. What is the remainder when 26 is divided by o?
5
Suppose -d - 2*f + 15 = -12, 0 = -4*d - 3*f + 93. Calculate the remainder when 39 is divided by d.
18
Suppose g + 4*x = 32, -6*g + g = x - 179. Let s = -4 + 17. What is the remainder when g is divided by s?
10
Suppose -10*p = -2*p - 240. What is the remainder when 89 is divided by p?
29
Let y be (-6)/(-8)*(3 + -7). Let u(t) = 2 - 3 + 4 - 4*t. What is the remainder when 44 is divided by u(y)?
14
Let o = -7 - -30. Calculate the remainder when 66 is divided by o.
20
Suppose -5*o + 14 = -136. Let g be 5/(2 + (-10)/4). Let n = 6 - g. Calculate the remainder when o is divided by n.
14
Let z(g) = g**2 + 15. Let q be z(11). Let o = -77 + q. Calculate the remainder when o is divided by 15.
14
Suppose -105 = -3*s - 2*s. Let c(f) = -s*f - 8 + 6*f + 9. What is the remainder when c(-1) is divided by 9?
7
Let u be (32/(-5))/(2/(-40)). Let v = 206 - u. What is the remainder when v is divided by 20?
18
Suppose -i - 4*i = -35. Suppose -80 = -4*s - 0*s. Calculate the remainder when s is divided by i.
6
Suppose q - 4 = -q. Calculate the remainder when 2 is divided by (-5)/q*8/(-10).
0
Let w = 23 - -16. Calculate the remainder when 77 is divided by w.
38
Let x = -18 - -30. Calculate the remainder when 43 is divided by x.
7
Suppose -3*g + 2*y = 2*g - 45, -4*g = 4*y - 64. Calculate the remainder when 53 is divided by g.
9
Let m(w) be the first derivative of -w**2/2 + 14*w - 2. Suppose -150 = -5*p - 4*o, -3*o - 88 = -3*p - 25. Calculate the remainder when p is divided by m(0).
12
Let u = -48 - -34. Let s = 28 + u. What is the remainder when s is divided by 8?
6
Let z(x) = -5*x + 30. What is the remainder when z(-6) is divided by 21?
18
Let o(m) = 23*m**2 + m + 1. Let v(p) = p + 2. Let w be v(-4). Let i be (-4)/8 - w/(-4). What is the remainder when 68 is divided by o(i)?
22
Suppose i + i - 2*c = 38, -2*i = -4*c - 46. Calculate the remainder when 58 is divided by i.
13
Let i be (-18)/(-63) + (-60)/14. What is the remainder when i - -32 - 4 - -2 is divided by 14?
12
Let w = 216 + -206. Suppose 8 = 4*h - 12. Suppose -h*u + 148 = -u. What is the remainder when u is divided by w?
7
Suppose -q = -2*q - 1. Let r = 2 + 18. Let f = q + r. Calculate the remainder when 55 is divided by f.
17
Suppose -z - z + 2 = 0. Let p = z - -6. Suppose -2*n - 27 = -2*r + n, 0 = 4*r + n - 47. Calculate the remainder when r is divided by p.
5
Let g = -3 - 13. Let b = 37 + g. What is the remainder when b is divided by 12?
9
Let j(z) be the third derivative of 0*z - 7/60*z**5 - z**2 + 5/6*z**3 - 7/24*z**4 + 1/120*z**6 + 0. Calculate the remainder when j(8) is divided by 5.
3
Let q = 4 + 15. What is the remainder when 131 is divided by q?
17
Suppose -607 = -6*b + 101. Calculate the remainder when b is divided by 30.
28
Let c(f) = -15*f**3 + f. Let n be c(1). Let u(a) = -a**2 - 14*a + 4. Calculate the remainder when 7 is divided by u(n).
3
Suppose -7 = -3*p - 8*j + 3*j, p + 4*j + 7 = 0. What is the remainder when 13 is divided by p?
4
Suppose 60 = 4*h + 3*r, r + 38 - 6 = 3*h. Let i be 2/(-7) + 66/(-14). Let v(u) = u**3 + 6*u**2 + 3*u - 3. Calculate the remainder when h is divided by v(i).
5
Let x be (-8)/2*48/(-64). Calculate the remainder when x - (3 + 1) - -59 is divided by 20.
18
Suppose 0 = -2*q + 7*q - 5*y, 15 = 5*y. Suppose 5*p = a + 34, 2*p + 5*a + 30 = 7*p. What is the remainder when p is divided by q?
1
Suppose 0 = 2*m + 1 - 3. Let w = 1 + m. Calculate the remainder when w is divided by (4 - (1 - 1)) + -2.
0
What is the remainder when 14/(-3)*9/(-6) is divided by 5?
2
Suppose 4*a - 2*r = 5*a - 20, -5*r + 10 = 